{"id":2074,"date":"2025-03-21T10:21:10","date_gmt":"2025-03-21T09:21:10","guid":{"rendered":"https:\/\/www.gumideck.sk\/eshop\/?page_id=2074"},"modified":"2025-03-21T10:22:01","modified_gmt":"2025-03-21T09:22:01","slug":"zaruka","status":"publish","type":"page","link":"https:\/\/www.gumideck.sk\/eshop\/zaruka","title":{"rendered":"Z\u00e1ruka"},"content":{"rendered":"\t\t<div data-elementor-type=\"wp-page\" data-elementor-id=\"2074\" class=\"elementor elementor-2074\" data-elementor-post-type=\"page\">\n\t\t\t\t<div class=\"wd-negative-gap elementor-element elementor-element-96c7bfb e-flex e-con-boxed e-con e-parent\" data-id=\"96c7bfb\" data-element_type=\"container\" data-e-type=\"container\">\n\t\t\t\t\t<div class=\"e-con-inner\">\n\t\t\t\t<div class=\"elementor-element elementor-element-52e9a18 elementor-widget elementor-widget-wd_text_block\" data-id=\"52e9a18\" data-element_type=\"widget\" data-e-type=\"widget\" data-widget_type=\"wd_text_block.default\">\n\t\t\t\t<div class=\"elementor-widget-container\">\n\t\t\t\t\t\t\t<div class=\"wd-text-block reset-last-child text-left\">\n\t\t\t\n\t\t\t<h3 class=\"header_color\">1. Predmet \u00fapravy a v\u0161eobecn\u00e9 pravidl\u00e1 z\u00e1ruky:<\/h3><p>Z\u00e1ruka sa poskytuje na dobu 10 rokov (desa\u0165) pre konektory syst\u00e9mu GUMI. Po\u010das tejto doby v\u00fdrobca zaru\u010duje trvanlivos\u0165 (mechanick\u00fa odolnos\u0165) spojovac\u00edch materi\u00e1lov, \u010do umo\u017e\u0148uje be\u017en\u00e9 pou\u017e\u00edvanie v s\u00falade s ich pou\u017eit\u00edm. Dosky GUMI s\u00fa pokryt\u00e9 2-ro\u010dnou z\u00e1rukou (dva). Z\u00e1ruka zaru\u010duje vysok\u00fa technick\u00fa kvalitu v\u00fdkonu jednotliv\u00fdch prvkov syst\u00e9mu GUMI a trvanlivos\u0165 produktu (odolnos\u0165 proti biologickej degrad\u00e1cii), \u010do umo\u017e\u0148uje be\u017en\u00e9 pou\u017eitie v s\u00falade s jeho zam\u00fd\u0161\u013ean\u00fdm pou\u017eit\u00edm. Z\u00e1ruka plat\u00ed v s\u00falade s podmienkami obsiahnut\u00fdmi v dokumente \"Pravidl\u00e1 pre mont\u00e1\u017e a pou\u017e\u00edvanie terasy Gumi.<\/p><h3 class=\"header_color\">2. Z\u00e1ru\u010dn\u00e9 podmienky<\/h3><p>Z\u00e1ru\u010dn\u00e1 lehota sa po\u010d\u00edta odo d\u0148a zak\u00fapenia produktu uveden\u00e9ho v doklade o predaji (fakt\u00fary ) vydan\u00e9ho pred\u00e1vaj\u00facim. Z\u00e1ruka je poskytnut\u00e1 na z\u00e1klade z\u00e1ru\u010dnej karty, ktor\u00e1 mus\u00ed by\u0165 vyplnen\u00e1 a ope\u010diatkovan\u00e1 v \u010dase predaja pred\u00e1vaj\u00facim. Pred\u00e1vaj\u00faci sa zav\u00e4zuje poskytn\u00fa\u0165 z\u00e1ru\u010dn\u00fd dokument kupuj\u00facemu v pr\u00edpade ak sa jedn\u00e1 o ne\u0161tandardn\u00fa terasu. T\u00e1to z\u00e1ru\u010dn\u00e1 karta je platn\u00e1 len spolu s dokladom potvrdzuj\u00facim zak\u00fapenie produktu (fakt\u00fara \/ doklad). V inom pr\u00edpade posta\u010duje fakt\u00fara.<\/p><h3 class=\"header_color\">3. Vyl\u00fa\u010denia - pr\u00edpady, na ktor\u00e9 sa z\u00e1ruka nevz\u0165ahuje:<\/h3><ul><li>povrchy verejn\u00fdch slu\u017eieb s vysokou frekvenciou pohybu<\/li><li>miesta vystaven\u00e9 chemicky agres\u00edvnym faktorom<\/li><li>terasy in\u0161talovan\u00e9 v bl\u00edzkosti v\u00fdrobn\u00fdch, skladovac\u00edch alebo servisn\u00fdch zariaden\u00ed, ktor\u00e9 m\u00f4\u017eu by\u0165 zdrojom zne\u010distenia, najm\u00e4 - maziv\u00e1, \u010distiace prostriedky, umel\u00e9 hnojiv\u00e1 at\u010f<\/li><li>oblasti, kde okrem prepravy pe\u0161ou osobou prebieha ak\u00fdko\u013evek pohyb motorov\u00fdch vozidiel<\/li><li>zmeny povrchu terasy sp\u00f4soben\u00e9 pou\u017e\u00edvan\u00edm, tj: obrusovanie, zne\u010distenie, mechanick\u00e9 po\u0161kodenie, lok\u00e1lna strata farby a podobne<\/li><li>farebn\u00e9 zmeny dosiek a konektorov sp\u00f4soben\u00e9 priamym slne\u010dn\u00fdm \u017eiaren\u00edm, agres\u00edvne chemick\u00e9 alebo biologick\u00e9 faktory, dlhodob\u00e9 zadr\u017eiavanie snehu, priame vystavenie pobre\u017en\u00fdm klimatick\u00fdm podmienkam (morsk\u00fd v\u00e1nok), priama bl\u00edzkos\u0165 vodn\u00fdch n\u00e1dr\u017e\u00ed, priamy kontakt s veget\u00e1ciou (najm\u00e4 zarasten\u00e1 tr\u00e1va) priamy kontakt s prvkami vyroben\u00fdmi z kovu. \u010cierne sfarbenie vytvoren\u00e9 v d\u00f4sledku dlhodob\u00e9ho kontaktu s predmetmi le\u017eiacimi na povrchu terasy.<\/li><li>mechanick\u00e9 po\u0161kodenie sp\u00f4soben\u00e9 tlakom alebo n\u00e1razom \u0165a\u017ek\u00fdch a tvrd\u00fdch predmetov<\/li><li>mechanick\u00e9 po\u0161kodenie, po\u0161krabanie, \u0161krabance, \u0161kody, v\u00fdruby, rezy, po\u0161kodenie povrchov a in\u00e9 \u0161kody sp\u00f4soben\u00e9 tlakom alebo n\u00e1razom s \u0165a\u017ek\u00fdm tvrd\u00fdm predmetom alebo sp\u00f4soben\u00e9 nespr\u00e1vnou starostlivos\u0165ou, nespr\u00e1vnou \u00fadr\u017ebou, nespr\u00e1vnou mont\u00e1\u017eou, nespr\u00e1vnym skladovan\u00edm alebo prepravou<\/li><li>mechanick\u00e9 po\u0161kodenie nevidite\u013en\u00e9 po in\u0161tal\u00e1cii v\u00fdrobku, ak neovplyv\u0148uj\u00fa mo\u017enos\u0165 mont\u00e1\u017ee a spr\u00e1vneho pou\u017e\u00edvania v\u00fdrobku, zmena farby terakoty, fas\u00e1dy a \u010fal\u0161\u00edch prvkov susediacich s doskami Gumi je d\u00f4sledok premytia trieslov\u00edn alebo oleja z dreva<\/li><li>na \u00fa\u010dinky po\u017eiaru alebo vystavenia v\u00fdrobku vysok\u00fdm teplot\u00e1m<\/li><li>aplik\u00e1cia syst\u00e9mu GUMI proti jeho \u00fa\u010delu (spracovanie schodov, okenn\u00fdch parapetov, r\u00edms at\u010f.)<\/li><li>rozdiel medzi skuto\u010dnou dimenziou a teoretick\u00fdm rozmerom terasy na projekte je rozdiel povolen\u00fd pre ka\u017ed\u00fd z rozmerov +\/- 1 cm<\/li><li>rozmerov\u00e9 zmeny dosiek s\u00favisiacich so zmra\u0161\u0165ovan\u00edm a su\u0161en\u00edm dreva nezasahuj\u00fa do be\u017en\u00e9ho pou\u017e\u00edvania terasy (terasa GUMI je \"pl\u00e1vaj\u00faca terasa\", ktor\u00e1 nie je natrvalo pripevnen\u00e1 k zemi)<\/li><li>prirodzen\u00e9 tv\u00e1rov\u00e9 a povrchov\u00e9 trhliny a mal\u00e1 \u0161truktur\u00e1lna delamin\u00e1cia povrchu, ktor\u00e1 sa vyskytuje v dreve v d\u00f4sledku vystavenia zmenen\u00fdm klimatick\u00fdm podmienkam, ktor\u00e9 nebr\u00e1nia jeho be\u017en\u00e9mu pou\u017e\u00edvaniu.<\/li><\/ul><h4 class=\"header_color\">3.1 Kedy je pr\u00edloha \"AKCEPT\u00c1CIA TERASY\" povinn\u00e1?<\/h4><p>Pr\u00edloha \"AKCEPT\u00c1CIA TERASY\" vypln\u00ed pred\u00e1vaj\u00faci terasy GUMI, ktor\u00e1 sa vy\u017eaduje, ak terasa sp\u013a\u0148a jednu z nasleduj\u00facich podmienok:<\/p><ul><li>terasa sa nach\u00e1dza v defin\u00edcii ve\u013ekej terasy (odsek 3.1.)<\/li><li>terasa m\u00e1 nepravideln\u00fd tvar, \u0161ikm\u00e9 \/ alebo obl\u00fakov\u00e9 tvary<\/li><li>je tam schodisko<\/li><li>o\u0161etrenie ved\u013ea terasy<\/li><\/ul><h4 class=\"header_color\">3.2 \u0160TANDARDN\u00c9 TERASY A VE\u013dK\u00c9 TERASY - v\u0161eobecn\u00e9 inform\u00e1cie<\/h4><p>Terasy s\u00fa rozdelen\u00e9 do dvoch kateg\u00f3ri\u00ed: \u0160tandardn\u00e9 terasy a Ve\u013ek\u00e9 terasy. Ak je terasa zaraden\u00e1 do defin\u00edcie Ve\u013ek\u00e1 Terasa, je nutn\u00e9 vyplni\u0165 dodato\u010dn\u00fa pr\u00edlohu \"Akcept\u00e1cia terasy \", pr\u00edpadne potvrdenie z obchodn\u00e9ho oddelenia, ak je terasa zahrnut\u00e1 do defin\u00edcie \u0160tandardn\u00e9 terasy, pr\u00edloha \" Akcept\u00e1cia terasy \" nie je povinn\u00e1.<br \/><br \/>Terasy s\u00fa rozdelen\u00e9 na ve\u013ek\u00e9 a \u0161tandardn\u00e9 terasy. Predpoklad\u00e1 sa, \u017ee ve\u013ek\u00e1, \u0161irok\u00e1 terasa je plocha, v ktorej je \u0161\u00edrka meran\u00e1 cez dosky v\u00e4\u010d\u0161ia ako 2,5 m (d\u013a\u017eka terasy meran\u00e1 pozd\u013a\u017e dosiek nie je relevantn\u00e1 - m\u00f4\u017ee by\u0165 ak\u00e1ko\u013evek).<br \/><br \/>Vzh\u013eadom na vzor \"\u0161tvorcov\" je terasa pova\u017eovan\u00e1 za \u0160tandardn\u00fa terasu, ak jej rozmery: \u0161\u00edrka a d\u013a\u017eka nepresahuj\u00fa 250 cm.<br \/><br \/>V\u0161etky terasy, ktor\u00e9 nezodpovedaj\u00fa defin\u00edcii \u0160tandardn\u00e9 terasy, sa pova\u017euj\u00fa za Ve\u013ek\u00e9 terasy.<br \/><br \/>Kalkula\u010dka na webovej str\u00e1nke automaticky kontroluje ka\u017ed\u00fa nakonfigurovan\u00fa terasu a zobraz\u00ed jej v\u00fdsledn\u00fd v\u00fdpo\u010det. Okrem toho inform\u00e1cie o tom, \u010di je terasa ve\u013ek\u00e1, s\u00fa uveden\u00e9 v s\u00fabore PDF vytvorenom kalkula\u010dkou. V pr\u00edpade ve\u013ek\u00fdch ter\u00e1s a ter\u00e1s so schodmi je potrebn\u00e9 pred zak\u00fapen\u00edm kontaktova\u0165 obchodn\u00e9 oddelenie distrib\u00fatora, aby ste vyplnili pr\u00edlohu k z\u00e1ru\u010dnej karte.<br \/><br \/><\/p><h4 class=\"header_color\">3.3 Ve\u013ek\u00e9 terasy - dilata\u010dn\u00e9 \u0161k\u00e1ry<\/h4><p>Pri navrhovan\u00ed a n\u00e1slednom polo\u017een\u00ed ve\u013ek\u00fdch ter\u00e1s nezabudnite na boku terasy necha\u0165 pr\u00edslu\u0161n\u00e9 dilata\u010dn\u00e9 \u0161k\u00e1ry, odpor\u00fa\u010dania t\u00fdkaj\u00face sa ve\u013ekosti dilata\u010dn\u00fdch \u0161k\u00e1r sa nach\u00e1dzaj\u00fa v z\u00e1ru\u010dnej karte. Pri pou\u017eit\u00ed vzoru \"tehly\" a \"riadky\" sa dilata\u010dn\u00e9 \u0161k\u00e1ry pou\u017e\u00edvaj\u00fa len \"na \u0161\u00edrku terasy\", pri\u010dom steny (st\u013apy z\u00e1bradl\u00ed, ...) s\u00fa rovnobe\u017en\u00e9 so smerom ulo\u017eenia dosiek. Musia by\u0165 na danom mieste aspo\u0148 1,5% \u0161\u00edrky terasy. Na \"d\u013a\u017eke terasy\" nie s\u00fa potrebn\u00e9 dilata\u010dn\u00e9 \u0161k\u00e1ry.<br \/>Pri pou\u017eit\u00ed vzoru \"\u0161tvorec\" by mali by\u0165 dilata\u010dn\u00e9 \u0161k\u00e1ry ponechan\u00e9 na ka\u017edej strane terasy a minim\u00e1lne 1,5% ve\u013ekosti terasy na danom mieste.<\/p><p>\u00a0<\/p><h3 class=\"header_color\">4. Starostlivos\u0165 o terasu po\u010das z\u00e1ru\u010dnej doby<\/h3><p>\u00a0<\/p><h4 class=\"header_color\">4.1. Frekvencia pravidelnej starostlivosti - terasy nezastre\u0161en\u00e9 a \u010diasto\u010dne zastre\u0161en\u00e9<\/h4><p>Ak je dreven\u00e1 terasa GUMI umiestnen\u00e1 v nezastre\u0161enej oblasti, je potrebn\u00e9 vykona\u0165 d\u00f4kladn\u00fa starostlivos\u0165 o jej povrch aspo\u0148 raz ro\u010dne. D\u00f4kladn\u00e1 starostlivos\u0165 by sa mala vykona\u0165 skoro na jar, akon\u00e1hle teplota vzduchu dosiahne nad 10 stup\u0148ov celzia po\u010das d\u0148a nepretr\u017eite.<\/p><h4 class=\"header_color\">4.2. Frekvencia pravidelnej starostlivosti - Terasy \u00faplne zastre\u0161en\u00e9<\/h4><p>V pr\u00edpade \u00faplne zastre\u0161en\u00fdch dreven\u00fdch ter\u00e1s mo\u017eno obdobie medzi starostlivou \u00fadr\u017ebou oleja pred\u013a\u017ei\u0165 na 2 - 4 roky (v z\u00e1vislosti od stup\u0148a opotrebovania povrchu terasy). \u00dadr\u017eba sa najlep\u0161ie vykon\u00e1va na jar po zimnej sez\u00f3ne.<\/p><p>\u00a0<\/p><h3 class=\"header_color\">5. Postup reklam\u00e1cie<\/h3><p>Ak sa zist\u00ed, \u017ee v\u00fdrobok je vadn\u00fd, vzh\u013eadom na z\u00e1sady uveden\u00e9 v tomto dokumente mus\u00ed by\u0165 s\u0165a\u017enos\u0165 podan\u00e1 p\u00edsomne alebo e-mailom pred\u00e1vaj\u00facemu, od ktor\u00e9ho bol v\u00fdrobok zak\u00fapen\u00fd. \u017diados\u0165 sa mus\u00ed poda\u0165 najnesk\u00f4r do dvoch t\u00fd\u017ed\u0148ov odo d\u0148a zistenia chyby. Pred\u00e1vaj\u00faci je povinn\u00fd okam\u017eite poda\u0165 ozn\u00e1menie o s\u0165a\u017enosti v\u00fdrobcovi e-mailom alebo faxom.<br \/><br \/>Reklam\u00e1cia by mala obsahova\u0165:<\/p><ul><li>k\u00f3pia dokumentu o z\u00e1ruke spolu s pr\u00edlohou \u010d. 1 (ak bola vy\u017eiadan\u00e1 a vyplnen\u00e1)<\/li><li>k\u00f3pia potvrdenia \/ fakt\u00fary potvrdzuj\u00faceho k\u00fapu produktu<\/li><li>fotografie chybn\u00e9ho produktu<\/li><\/ul><p>Predajca je povinn\u00fd odpoveda\u0165 na spr\u00e1vne vyplnen\u00e9 a \u00fapln\u00e9 ozn\u00e1menie o s\u0165a\u017enosti do 14 dn\u00ed odo d\u0148a doru\u010denia \u017eiadosti o reklam\u00e1ciu. V pr\u00edpade reklam\u00e1ci\u00ed a zisten\u00ed v\u00fdznamnej chyby, ktor\u00e1 br\u00e1ni be\u017en\u00e9mu pou\u017e\u00edvaniu v\u00fdrobku, v\u00fdrobca - predajca nahrad\u00ed chybn\u00fd v\u00fdrobok produktom bez v\u00e1d. V takom pr\u00edpade je klient na \u017eiados\u0165 predajcu povinn\u00fd demontova\u0165 a zabali\u0165 chybn\u00fd v\u00fdrobok a posla\u0165 sp\u00e4\u0165 v\u00fdrobok pred\u00e1vaj\u00facemu. V\u00fdrobca za\u0161le nov\u00fd v\u00fdrobok na vlastn\u00e9 n\u00e1klady v rovnakom mno\u017estve, ak\u00fd odoslal z\u00e1kazn\u00edk.<br \/><br \/>Finan\u010dn\u00e1 zodpovednos\u0165 predajcu nesie presne rovnak\u00fa hodnotu zak\u00fapen\u00e9ho produktu, ktor\u00fd podlieha reklam\u00e1cii.<br \/><br \/>T\u00e1to z\u00e1ruka kvality nevylu\u010duje ani neobmedzuje pr\u00e1va vypl\u00fdvaj\u00face zo v\u0161eobecne platn\u00fdch z\u00e1konov.<br \/><br \/>Predajca poskytuje z\u00e1ruku, ktor\u00e1 \u00fazemne pokr\u00fdva \u00fazemie Slovenskej republiky.<\/p>\n\t\t\t\t\t<\/div>\n\t\t\t\t\t\t<\/div>\n\t\t\t\t<\/div>\n\t\t\t\t\t<\/div>\n\t\t\t\t<\/div>\n\t\t\t\t<\/div>\n\t\t","protected":false},"excerpt":{"rendered":"<p>1. Predmet \u00fapravy a v\u0161eobecn\u00e9 pravidl\u00e1 z\u00e1ruky: Z\u00e1ruka sa poskytuje na dobu 10 rokov (desa\u0165) pre konektory syst\u00e9mu GUMI. Po\u010das<\/p>\n","protected":false},"author":1,"featured_media":0,"parent":0,"menu_order":0,"comment_status":"closed","ping_status":"closed","template":"elementor_header_footer","meta":{"footnotes":""},"class_list":["post-2074","page","type-page","status-publish","hentry"],"_links":{"self":[{"href":"https:\/\/www.gumideck.sk\/eshop\/wp-json\/wp\/v2\/pages\/2074","targetHints":{"allow":["GET"]}}],"collection":[{"href":"https:\/\/www.gumideck.sk\/eshop\/wp-json\/wp\/v2\/pages"}],"about":[{"href":"https:\/\/www.gumideck.sk\/eshop\/wp-json\/wp\/v2\/types\/page"}],"author":[{"embeddable":true,"href":"https:\/\/www.gumideck.sk\/eshop\/wp-json\/wp\/v2\/users\/1"}],"replies":[{"embeddable":true,"href":"https:\/\/www.gumideck.sk\/eshop\/wp-json\/wp\/v2\/comments?post=2074"}],"version-history":[{"count":4,"href":"https:\/\/www.gumideck.sk\/eshop\/wp-json\/wp\/v2\/pages\/2074\/revisions"}],"predecessor-version":[{"id":2078,"href":"https:\/\/www.gumideck.sk\/eshop\/wp-json\/wp\/v2\/pages\/2074\/revisions\/2078"}],"wp:attachment":[{"href":"https:\/\/www.gumideck.sk\/eshop\/wp-json\/wp\/v2\/media?parent=2074"}],"curies":[{"name":"wp","href":"https:\/\/api.w.org\/{rel}","templated":true}]}}