{"id":1510,"date":"2025-03-11T16:43:31","date_gmt":"2025-03-11T15:43:31","guid":{"rendered":"https:\/\/www.gumideck.sk\/eshop\/?post_type=product&#038;p=1510"},"modified":"2026-02-14T19:36:17","modified_gmt":"2026-02-14T18:36:17","slug":"drevene-podlozky-dubova-sada-3-ks","status":"publish","type":"product","link":"https:\/\/www.gumideck.sk\/eshop\/drevene-podlozky-dubova-sada-3-ks","title":{"rendered":"Dreven\u00e9 podstavce, dub"},"content":{"rendered":"<p>Stojan na kvety z pr\u00edrodn\u00e9ho dubov\u00e9ho dreva. Podstavce s\u00fa naolejovan\u00e9 a pripraven\u00e9 na okam\u017eit\u00e9 pou\u017eitie. Je to jednoduch\u00e1, ale ve\u013emi pekn\u00e1 dekor\u00e1cia na pou\u017eitie v interi\u00e9ri, ale ur\u010dite si n\u00e1jde svoje miesto na nejednom balk\u00f3ne alebo terase. Drevo je impregnovan\u00e9, ale nemalo by by\u0165 vystaven\u00e9 trval\u00e9mu da\u017e\u010fu a vy\u017eaduje si aj ochranu pred mrazom a snehom. Je ide\u00e1lne na v\u0161etky druhy lod\u017ei\u00ed, kryt\u00fdch ter\u00e1s a balk\u00f3nov.<\/p>\n","protected":false},"excerpt":{"rendered":"<p>Stojan na kvety z pr\u00edrodn\u00e9ho dubov\u00e9ho dreva. Sada 3 kusov.<\/p>\n","protected":false},"featured_media":992,"template":"","meta":[],"product_brand":[],"product_cat":[44],"product_tag":[],"class_list":{"0":"post-1510","1":"product","2":"type-product","3":"status-publish","4":"has-post-thumbnail","6":"product_cat-kvetinace","8":"first","9":"instock","10":"taxable","11":"shipping-taxable","12":"purchasable","13":"product-type-simple"},"_links":{"self":[{"href":"https:\/\/www.gumideck.sk\/eshop\/wp-json\/wp\/v2\/product\/1510","targetHints":{"allow":["GET"]}}],"collection":[{"href":"https:\/\/www.gumideck.sk\/eshop\/wp-json\/wp\/v2\/product"}],"about":[{"href":"https:\/\/www.gumideck.sk\/eshop\/wp-json\/wp\/v2\/types\/product"}],"version-history":[{"count":5,"href":"https:\/\/www.gumideck.sk\/eshop\/wp-json\/wp\/v2\/product\/1510\/revisions"}],"predecessor-version":[{"id":2860,"href":"https:\/\/www.gumideck.sk\/eshop\/wp-json\/wp\/v2\/product\/1510\/revisions\/2860"}],"wp:featuredmedia":[{"embeddable":true,"href":"https:\/\/www.gumideck.sk\/eshop\/wp-json\/wp\/v2\/media\/992"}],"wp:attachment":[{"href":"https:\/\/www.gumideck.sk\/eshop\/wp-json\/wp\/v2\/media?parent=1510"}],"wp:term":[{"taxonomy":"product_brand","embeddable":true,"href":"https:\/\/www.gumideck.sk\/eshop\/wp-json\/wp\/v2\/product_brand?post=1510"},{"taxonomy":"product_cat","embeddable":true,"href":"https:\/\/www.gumideck.sk\/eshop\/wp-json\/wp\/v2\/product_cat?post=1510"},{"taxonomy":"product_tag","embeddable":true,"href":"https:\/\/www.gumideck.sk\/eshop\/wp-json\/wp\/v2\/product_tag?post=1510"}],"curies":[{"name":"wp","href":"https:\/\/api.w.org\/{rel}","templated":true}]}}