{"id":1519,"date":"2025-03-11T16:43:32","date_gmt":"2025-03-11T15:43:32","guid":{"rendered":"https:\/\/www.gumideck.sk\/eshop\/?post_type=product&#038;p=1519"},"modified":"2026-02-14T19:27:56","modified_gmt":"2026-02-14T18:27:56","slug":"box-a4-naolejovane-dosky-16-ks-21x70x292-mm-a-spojky","status":"publish","type":"product","link":"https:\/\/www.gumideck.sk\/eshop\/box-a4-naolejovane-dosky-16-ks-21x70x292-mm-a-spojky","title":{"rendered":"BigBox A4 \u2013 Terasov\u00e1 doska, olejovan\u00e1"},"content":{"rendered":"<p>BigBox A4 obsahuje 16 tov\u00e1rensky naolejovan\u00fdch terasov\u00fdch dosiek TERMOJASE\u0147 (modul A6, rozmery: 21x70x292 mm) so 64 konektormi GUMI zo syntetickej gumy. Dosky a konektory tvoria komplet pripraven\u00fd na mont\u00e1\u017e terasy. Certifik\u00e1ty dreva: FSC, ITD. Syst\u00e9mov\u00e9 certifik\u00e1ty: TUV, CE.<\/p>\n<ul>\n<li>Druh dreva Termojase\u0148<\/li>\n<li>Trieda pevnosti dreva I (prv\u00e1)<\/li>\n<li>Povrchov\u00e1 \u00faprava dreva<\/li>\n<li>Ekologick\u00fd olej na b\u00e1ze vody<\/li>\n<li>Trieda kvality dreva Natur<\/li>\n<li>Po\u010det dosiek [ks] 16<\/li>\n<li>Po\u010det konektorov v balen\u00ed [ks] 64<\/li>\n<li>Po\u010det m2 terasy v balen\u00ed 0,350<\/li>\n<li>Hmotnos\u0165 balenia [kg] 4,78<\/li>\n<li>Rozmer balenia [mm] 316x290x136<\/li>\n<li>Z\u00e1ruka 2 roky dosky \/ 10 rokov na spojovac\u00ed materi\u00e1l<\/li>\n<\/ul>\n","protected":false},"excerpt":{"rendered":"<p>BigBox A4 obsahuje 16 tov\u00e1rensky naolejovan\u00fdch terasov\u00fdch dosiek TERMOJASE\u0147 (modul A6, rozmery: 21x70x292 mm) so 64 konektormi GUMI zo syntetickej gumy.<\/p>\n","protected":false},"featured_media":1036,"template":"","meta":[],"product_brand":[],"product_cat":[47,48],"product_tag":[],"class_list":{"0":"post-1519","1":"product","2":"type-product","3":"status-publish","4":"has-post-thumbnail","6":"product_cat-gumi-wood","7":"product_cat-krabicove-balenie","9":"first","10":"instock","11":"taxable","12":"shipping-taxable","13":"purchasable","14":"product-type-simple"},"_links":{"self":[{"href":"https:\/\/www.gumideck.sk\/eshop\/wp-json\/wp\/v2\/product\/1519","targetHints":{"allow":["GET"]}}],"collection":[{"href":"https:\/\/www.gumideck.sk\/eshop\/wp-json\/wp\/v2\/product"}],"about":[{"href":"https:\/\/www.gumideck.sk\/eshop\/wp-json\/wp\/v2\/types\/product"}],"version-history":[{"count":5,"href":"https:\/\/www.gumideck.sk\/eshop\/wp-json\/wp\/v2\/product\/1519\/revisions"}],"predecessor-version":[{"id":2828,"href":"https:\/\/www.gumideck.sk\/eshop\/wp-json\/wp\/v2\/product\/1519\/revisions\/2828"}],"wp:featuredmedia":[{"embeddable":true,"href":"https:\/\/www.gumideck.sk\/eshop\/wp-json\/wp\/v2\/media\/1036"}],"wp:attachment":[{"href":"https:\/\/www.gumideck.sk\/eshop\/wp-json\/wp\/v2\/media?parent=1519"}],"wp:term":[{"taxonomy":"product_brand","embeddable":true,"href":"https:\/\/www.gumideck.sk\/eshop\/wp-json\/wp\/v2\/product_brand?post=1519"},{"taxonomy":"product_cat","embeddable":true,"href":"https:\/\/www.gumideck.sk\/eshop\/wp-json\/wp\/v2\/product_cat?post=1519"},{"taxonomy":"product_tag","embeddable":true,"href":"https:\/\/www.gumideck.sk\/eshop\/wp-json\/wp\/v2\/product_tag?post=1519"}],"curies":[{"name":"wp","href":"https:\/\/api.w.org\/{rel}","templated":true}]}}