{"id":1537,"date":"2025-03-11T16:43:32","date_gmt":"2025-03-11T15:43:32","guid":{"rendered":"https:\/\/www.gumideck.sk\/eshop\/?post_type=product&#038;p=1537"},"modified":"2026-02-14T20:07:22","modified_gmt":"2026-02-14T19:07:22","slug":"stetec-na-obrabanie-dreva-siroky-120-mm","status":"publish","type":"product","link":"https:\/\/www.gumideck.sk\/eshop\/stetec-na-obrabanie-dreva-siroky-120-mm","title":{"rendered":"\u0160tetec na natieranie dreva, \u0161irok\u00fd"},"content":{"rendered":"<p>\u0160tetec sa pou\u017e\u00edva na ma\u013eovanie ve\u013ek\u00fdch rovn\u00fdch pl\u00f4ch. Vhodn\u00fd najm\u00e4 na natieranie dreven\u00fdch povrchov \u0161pecializovan\u00fdmi olejmi, moridlami a lakmi. V\u00fdhody\/v\u00fdhody: M\u00e1 polyesterov\u00fa zmes, v\u010faka ktorej je odolnej\u0161\u00ed ako tradi\u010dn\u00e9 \u0161tetce s pr\u00edrodn\u00fdmi \u0161tetinami. \u0160tetce s polyesterov\u00fdm vl\u00e1knom pri pr\u00e1ci s olejmi na b\u00e1ze vody nenapu\u010diavaj\u00fa a z\u00e1rove\u0148 sa r\u00fdchlej\u0161ie a \u013eah\u0161ie \u010distia. Rukov\u00e4\u0165 2K zaru\u010duje dobr\u00e9 dr\u017eanie v ruke. H\u00e1\u010dik na rukov\u00e4ti umo\u017e\u0148uje zavesenie n\u00e1stroja na okraj n\u00e1doby s farbou.<\/p>\n<p><strong>Typ rukov\u00e4te<\/strong>: Pohodln\u00e1 2-zlo\u017ekov\u00e1 rukov\u00e4\u0165.<\/p>\n<p><strong>Typ \u0161tet\u00edn<\/strong>: Polyesterov\u00e1 zmes, ide\u00e1lna na oleje na b\u00e1ze vody.<\/p>\n","protected":false},"excerpt":{"rendered":"<p>\u0160irok\u00fd \u0161tetec 120 mm, ktor\u00fd sa pou\u017e\u00edva na ma\u013eovanie ve\u013ek\u00fdch rovn\u00fdch pl\u00f4ch. \u0160peci\u00e1lne vybran\u00fd na dreven\u00e9 povrchy.<\/p>\n","protected":false},"featured_media":1072,"template":"","meta":[],"product_brand":[],"product_cat":[49],"product_tag":[],"class_list":{"0":"post-1537","1":"product","2":"type-product","3":"status-publish","4":"has-post-thumbnail","6":"product_cat-starostlivost-o-drevo","8":"first","9":"instock","10":"taxable","11":"shipping-taxable","12":"purchasable","13":"product-type-simple"},"_links":{"self":[{"href":"https:\/\/www.gumideck.sk\/eshop\/wp-json\/wp\/v2\/product\/1537","targetHints":{"allow":["GET"]}}],"collection":[{"href":"https:\/\/www.gumideck.sk\/eshop\/wp-json\/wp\/v2\/product"}],"about":[{"href":"https:\/\/www.gumideck.sk\/eshop\/wp-json\/wp\/v2\/types\/product"}],"version-history":[{"count":4,"href":"https:\/\/www.gumideck.sk\/eshop\/wp-json\/wp\/v2\/product\/1537\/revisions"}],"predecessor-version":[{"id":2886,"href":"https:\/\/www.gumideck.sk\/eshop\/wp-json\/wp\/v2\/product\/1537\/revisions\/2886"}],"wp:featuredmedia":[{"embeddable":true,"href":"https:\/\/www.gumideck.sk\/eshop\/wp-json\/wp\/v2\/media\/1072"}],"wp:attachment":[{"href":"https:\/\/www.gumideck.sk\/eshop\/wp-json\/wp\/v2\/media?parent=1537"}],"wp:term":[{"taxonomy":"product_brand","embeddable":true,"href":"https:\/\/www.gumideck.sk\/eshop\/wp-json\/wp\/v2\/product_brand?post=1537"},{"taxonomy":"product_cat","embeddable":true,"href":"https:\/\/www.gumideck.sk\/eshop\/wp-json\/wp\/v2\/product_cat?post=1537"},{"taxonomy":"product_tag","embeddable":true,"href":"https:\/\/www.gumideck.sk\/eshop\/wp-json\/wp\/v2\/product_tag?post=1537"}],"curies":[{"name":"wp","href":"https:\/\/api.w.org\/{rel}","templated":true}]}}